
In base 4, what is -320 - 132?
-1112
In base 8, what is 1414 - 0?
1414
In base 8, what is -15 + -43?
-60
In base 12, what is -213 - -2?
-211
In base 4, what is -21 + 31?
10
In base 7, what is 425 - 6?
416
In base 11, what is -7 + 152?
146
In base 10, what is 4199 - -3?
4202
In base 8, what is 5 + 50?
55
In base 2, what is 10010 + -101001000?
-100110110
In base 15, what is 10 + -35e?
-34e
In base 9, what is -3006 + -2?
-3008
In base 16, what is 1e - -37?
55
In base 7, what is -4 + 12540?
12533
In base 5, what is -113 - -12?
-101
In base 2, what is -10 - -10110010?
10110000
In base 16, what is -1bf + -1?
-1c0
In base 3, what is -122 + -1010?
-1202
In base 7, what is -5 + 36?
31
In base 11, what is 2 + 632?
634
In base 7, what is 2064 + -13?
2051
In base 8, what is -3 - -5?
2
In base 13, what is -3 - -20?
1a
In base 14, what is -5 - -7?
2
In base 12, what is 554 - -3?
557
In base 9, what is 0 - 11214?
-11214
In base 7, what is -243 + -3?
-246
In base 14, what is -b2d - -4?
-b29
In base 8, what is 234 - 0?
234
In base 10, what is -4 - 157?
-161
In base 9, what is 41 + 84?
135
In base 3, what is -220001120 + 10?
-220001110
In base 2, what is 10000001 - 1010100?
101101
In base 12, what is -9 - 11?
-1a
In base 5, what is 2014 - 2?
2012
In base 12, what is 1 - -90?
91
In base 15, what is 1 + -69?
-68
In base 9, what is -14 - 5?
-20
In base 11, what is 22 - 139?
-117
In base 14, what is -141 + -7?
-148
In base 10, what is -5 - -133?
128
In base 13, what is 2 + 672?
674
In base 15, what is -5 + -107?
-10c
In base 11, what is 38 + -2?
36
In base 6, what is -241 - -13?
-224
In base 15, what is 8 + -2?
6
In base 16, what is 1c5 - 3?
1c2
In base 3, what is 2 - -22122100?
22122102
In base 9, what is 880 + -7?
872
In base 14, what is -2 - 12?
-14
In base 4, what is 132 + -2011?
-1213
In base 8, what is -24 + 10?
-14
In base 7, what is -5 + 22415?
22410
In base 8, what is -4 - -135?
131
In base 13, what is -4 + 4c?
48
In base 16, what is -9 + 6?
-3
In base 6, what is 5 - 20520?
-20511
In base 4, what is 23212 - -11?
23223
In base 14, what is 1 + -167?
-166
In base 8, what is -320 - 3?
-323
In base 3, what is 1 - 12110011?
-12110010
In base 3, what is 11111202 - -12?
11111221
In base 4, what is -33 + 1111?
1012
In base 12, what is 297 + 4?
29b
In base 9, what is -8 - 205?
-214
In base 10, what is -255 + 2?
-253
In base 16, what is -28 + 3b?
13
In base 10, what is 64600 - -1?
64601
In base 11, what is 16 - -13aa?
1415
In base 10, what is -162 + 0?
-162
In base 7, what is 4 + 63?
100
In base 10, what is 131 - -2?
133
In base 3, what is -2 - 20?
-22
In base 3, what is 110011 - 21?
102220
In base 2, what is 100 - -111001?
111101
In base 4, what is -31113 - 2?
-31121
In base 2, what is 101 - -1101101?
1110010
In base 6, what is 52 - 1305?
-1213
In base 16, what is 4 + 25?
29
In base 16, what is -2 - 2b1?
-2b3
In base 16, what is -5 - -e?
9
In base 3, what is -10201 + -2?
-10210
In base 13, what is a + 67?
74
In base 2, what is 100011 + 1000111?
1101010
In base 9, what is 7 + 71?
78
In base 8, what is -2 - 214?
-216
In base 8, what is 5 + -452?
-445
In base 9, what is -255 + -6?
-262
In base 14, what is -1b + -a2?
-bd
In base 14, what is 3 + 5d?
62
In base 6, what is -3 + 15?
12
In base 10, what is 25 - -1?
26
In base 12, what is -7 - -1?
-6
In base 2, what is -10111010101 + 11?
-10111010010
In base 4, what is -3 - 200?
-203
In base 5, what is 141230 - 1?
141224
In base 8, what is 1026 - -5?
1033
In base 5, what is -21 + 13?
-3
In base 6, what is 3 - 15?
-12
In base 13, what is -644 - 5?
-649
In base 5, what is -20 + 441?
421
In base 14, what is 3c - -51?
8d
In base 2, what is 100110 + -10?
100100
In base 9, what is -323 - -35?
-277
In base 4, what is -10 + -1123?
-1133
In base 13, what is 20 - -13c?
15c
In base 16, what is 9 - c?
-3
In base 5, what is -134 + 4?
-130
In base 12, what is 112 + -41?
91
In base 13, what is -588 + 5?
-583
In base 16, what is 4 + 19ed?
19f1
In base 5, what is -10 + -2401?
-2411
In base 2, what is 100 - 111111?
-111011
In base 10, what is -7743 + -1?
-7744
In base 5, what is 33 - -343?
431
In base 14, what is 3 + -4?
-1
In base 12, what is -3 + -1425?
-1428
In base 14, what is -4 + -22?
-26
In base 9, what is -7 + -61?
-68
In base 5, what is -20143 + 3?
-20140
In base 9, what is 337 - 1?
336
In base 4, what is -3 + 103?
100
In base 8, what is -2 - -2641?
2637
In base 6, what is -2 + -220?
-222
In base 11, what is -54 - 15?
-69
In base 3, what is -112 + 10011000?
10010111
In base 10, what is 20790 + 5?
20795
In base 2, what is 100 + -100011?
-11111
In base 8, what is 214 + -54?
140
In base 12, what is -5 + 0?
-5
In base 4, what is -1 - -1311?
1310
In base 14, what is -5 + -b68?
-b6d
In base 4, what is 1232232 - -1?
1232233
In base 15, what is -5 + -124?
-129
In base 11, what is 2 + -91?
-8a
In base 15, what is 6 + 3b?
42
In base 12, what is -298 - 5?
-2a1
In base 5, what is 2411 - 3?
2403
In base 15, what is 4 - -5ee?
603
In base 4, what is -10 - 102221?
-102231
In base 13, what is -1 - 105?
-106
In base 3, what is -1121 - 100?
-1221
In base 15, what is 3 + 44?
47
In base 9, what is -4 + -530?
-534
In base 13, what is -c9 + 3?
-c6
In base 4, what is -12121 + 11?
-12110
In base 4, what is -11 - -1?
-10
In base 7, what is 134 - -1?
135
In base 10, what is -1 - 14?
-15
In base 14, what is 265 - -3?
268
In base 9, what is -8368 - 2?
-8371
In base 16, what is -5 - 5?
-a
In base 3, what is -20 - 1?
-21
In base 9, what is 36 - -217?
254
In base 16, what is -1 - 3?
-4
In base 3, what is -1112 + -2210?
-11022
In base 15, what is -125 + 6?
-11e
In base 9, what is 3156 - 2?
3154
In base 9, what is -1 + 25?
24
In base 9, what is 182 + -11?
171
In base 16, what is -14a + 16?
-134
In base 5, what is 0 - 3133?
-3133
In base 10, what is 488 + 4?
492
In base 7, what is 10 + -140?
-130
In base 9, what is -14 - 670?
-684
In base 8, what is -36 + -22?
-60
In base 8, what is -1512 - 1?
-1513
In base 12, what is -6b + -15?
-84
In base 13, what is -1b + -8?
-26
In base 4, what is 3 + -1133?
-1130
In base 2, what is 10 + -111100111?
-111100101
In base 3, what is -1 + -202121?
-202122
In base 13, what is 8 - 54?
-49
In base 12, what is 197 - 0?
197
In base 12, what is -4 - 3439?
-3441
In base 11, what is -4 + 398?
394
In base 16, what is -58 - -6?
-52
In base 4, what is 12203 - 1?
12202
In base 15, what is -1 + b?
a
In base 14, what is 0 - -a68?
a68
In base 7, what is 22 - 61?
-36
In base 14, what is -3b - -1?
-3a
In base 12, what is -8991 + -1?
-8992
In base 12, what is 294 - -2?
296
In base 13, what is -b + 498?
48a
In base 13, what is 3 - 88?
-85
In base 3, what is 1000110 - 20?
1000020
In base 16, what is -8e - -3?
-8b
In base 3, what is -12010 - -1?
-12002
In base 2, what is 11 - -100110?
101001
In base 9, what is 1 + 107?
108
In base 6, what is 11535 - -5?
11544
In base 10, what is -4283 - -5?
-4278
In base 11, what is 461 + 2?
463
In base 5, what is 4 - -224?
233
In base 12, what is 4 - 37?
-33
In base 13, what is 108c + -6?
1086
In base 5, what is 14 - 12312?
-12243
In base 16, what is 0 - 32?
-32
In base 10, what is 5 - 459?
-454
In base 11, what is 3 + -208?
-205
In base 8, what is 44 - -47?
113
In base 11, what is -94a - 0?
-94a
In base 5, what is 344 - -10?
404
In base 15, what is -1b6 + 1?
-1b5
In base 13, what is 11 + -70?
-5c
In base 4, what is -232 + -112?
-1010
In base 3, what is -2 + -100?
-102
In base 9, what is -7842 + 4?
-7837
In base 5, what is -41 - -10?
-31
In base 12, what is 13 - 798?
-785
In base 2, what is -10010010 + 100?
-10001110
In base 16, what is 4 + -10?
-c
In base 4, what is 11 + -120302?
-120231
In base 3, what is -100201222 + 11?
-100201211
In base 2, what is -1 + 1?
0
In base 12, what is 36a8 + -3?
36a5
In base 14, what is -23 + 6?
-1b
In base 15, what is 428 - -6?
42e
In base 8, what is -6 - -105?
77
In base 6, what is 2 - -2033?
2035
In base 3, what is 1122 - -100?
1222
In base 13, what is -66 + 0?
-66
In base 10, what is -137 - 2?
-139
In base 14, what is 0 + -b4b?
-b4b
In base 15, what is 13a - -9?
144
In base 16, what is -1ec + -1?
-1ed
In base 2, what is 10010011010110 + -11?
10010011010011
In base 7, what is -5 - -543?
535
In base 6, what is -15523 + 2?
-15521
In base 12, what is 103b - -4?
1043
In base 10, what i